{"id":104,"date":"2025-03-30T02:12:41","date_gmt":"2025-03-30T05:12:41","guid":{"rendered":"https:\/\/murosdeconcreto.com\/?page_id=104"},"modified":"2025-05-29T17:36:39","modified_gmt":"2025-05-29T20:36:39","slug":"pagina-inicial","status":"publish","type":"page","link":"https:\/\/murosdeconcreto.com\/","title":{"rendered":"P\u00e1gina inicial"},"content":{"rendered":"\n<figure class=\"wp-block-image size-large\"><img decoding=\"async\" width=\"1024\" height=\"576\" src=\"https:\/\/murosdeconcreto.com\/wp-content\/uploads\/2025\/02\/grade-de-concreto-indiana-da-fabrica-1024x576.jpg\" alt=\"\" class=\"wp-image-81\" srcset=\"https:\/\/murosdeconcreto.com\/wp-content\/uploads\/2025\/02\/grade-de-concreto-indiana-da-fabrica-1024x576.jpg 1024w, https:\/\/murosdeconcreto.com\/wp-content\/uploads\/2025\/02\/grade-de-concreto-indiana-da-fabrica-416x234.jpg 416w, https:\/\/murosdeconcreto.com\/wp-content\/uploads\/2025\/02\/grade-de-concreto-indiana-da-fabrica-300x169.jpg 300w, https:\/\/murosdeconcreto.com\/wp-content\/uploads\/2025\/02\/grade-de-concreto-indiana-da-fabrica-768x432.jpg 768w, https:\/\/murosdeconcreto.com\/wp-content\/uploads\/2025\/02\/grade-de-concreto-indiana-da-fabrica.jpg 1080w\" sizes=\"(max-width: 1024px) 100vw, 1024px\" \/><\/figure>\n\n\n","protected":false},"excerpt":{"rendered":"","protected":false},"author":1,"featured_media":0,"parent":0,"menu_order":0,"comment_status":"closed","ping_status":"closed","template":"","meta":{"footnotes":""},"class_list":["post-104","page","type-page","status-publish","hentry"],"yoast_head":"<!-- This site is optimized with the Yoast SEO plugin v27.4 - https:\/\/yoast.com\/product\/yoast-seo-wordpress\/ -->\n<title>P\u00e1gina inicial - Muros de Concreto direto da F\u00e1brica<\/title>\n<meta name=\"robots\" content=\"index, follow, max-snippet:-1, max-image-preview:large, max-video-preview:-1\" \/>\n<link rel=\"canonical\" href=\"https:\/\/murosdeconcreto.com\/\" \/>\n<meta property=\"og:locale\" content=\"pt_BR\" \/>\n<meta property=\"og:type\" content=\"article\" \/>\n<meta property=\"og:title\" content=\"P\u00e1gina inicial - Muros de Concreto direto da F\u00e1brica\" \/>\n<meta property=\"og:url\" content=\"https:\/\/murosdeconcreto.com\/\" \/>\n<meta property=\"og:site_name\" content=\"Muros de Concreto direto da F\u00e1brica\" \/>\n<meta property=\"article:modified_time\" content=\"2025-05-29T20:36:39+00:00\" \/>\n<meta property=\"og:image\" content=\"http:\/\/murosdeconcreto.com\/wp-content\/uploads\/2025\/02\/grade-de-concreto-indiana-da-fabrica-1024x576.jpg\" \/>\n<meta name=\"twitter:card\" content=\"summary_large_image\" \/>\n<meta name=\"twitter:label1\" content=\"Est. tempo de leitura\" \/>\n\t<meta name=\"twitter:data1\" content=\"1 minuto\" \/>\n<script type=\"application\/ld+json\" class=\"yoast-schema-graph\">{\"@context\":\"https:\\\/\\\/schema.org\",\"@graph\":[{\"@type\":\"WebPage\",\"@id\":\"https:\\\/\\\/murosdeconcreto.com\\\/\",\"url\":\"https:\\\/\\\/murosdeconcreto.com\\\/\",\"name\":\"P\u00e1gina inicial - Muros de Concreto direto da F\u00e1brica\",\"isPartOf\":{\"@id\":\"https:\\\/\\\/murosdeconcreto.com\\\/#website\"},\"primaryImageOfPage\":{\"@id\":\"https:\\\/\\\/murosdeconcreto.com\\\/#primaryimage\"},\"image\":{\"@id\":\"https:\\\/\\\/murosdeconcreto.com\\\/#primaryimage\"},\"thumbnailUrl\":\"http:\\\/\\\/murosdeconcreto.com\\\/wp-content\\\/uploads\\\/2025\\\/02\\\/grade-de-concreto-indiana-da-fabrica-1024x576.jpg\",\"datePublished\":\"2025-03-30T05:12:41+00:00\",\"dateModified\":\"2025-05-29T20:36:39+00:00\",\"breadcrumb\":{\"@id\":\"https:\\\/\\\/murosdeconcreto.com\\\/#breadcrumb\"},\"inLanguage\":\"pt-BR\",\"potentialAction\":[{\"@type\":\"ReadAction\",\"target\":[\"https:\\\/\\\/murosdeconcreto.com\\\/\"]}]},{\"@type\":\"ImageObject\",\"inLanguage\":\"pt-BR\",\"@id\":\"https:\\\/\\\/murosdeconcreto.com\\\/#primaryimage\",\"url\":\"https:\\\/\\\/murosdeconcreto.com\\\/wp-content\\\/uploads\\\/2025\\\/02\\\/grade-de-concreto-indiana-da-fabrica.jpg\",\"contentUrl\":\"https:\\\/\\\/murosdeconcreto.com\\\/wp-content\\\/uploads\\\/2025\\\/02\\\/grade-de-concreto-indiana-da-fabrica.jpg\",\"width\":1080,\"height\":608},{\"@type\":\"BreadcrumbList\",\"@id\":\"https:\\\/\\\/murosdeconcreto.com\\\/#breadcrumb\",\"itemListElement\":[{\"@type\":\"ListItem\",\"position\":1,\"name\":\"In\u00edcio\",\"item\":\"https:\\\/\\\/murosdeconcreto.com\\\/\"},{\"@type\":\"ListItem\",\"position\":2,\"name\":\"P\u00e1gina inicial\"}]},{\"@type\":\"WebSite\",\"@id\":\"https:\\\/\\\/murosdeconcreto.com\\\/#website\",\"url\":\"https:\\\/\\\/murosdeconcreto.com\\\/\",\"name\":\"Muros de Concreto direto da F\u00e1brica\",\"description\":\"Desde 2007 com fabrica\u00e7\u00e3o de Grades e Muros de Concreto\",\"potentialAction\":[{\"@type\":\"SearchAction\",\"target\":{\"@type\":\"EntryPoint\",\"urlTemplate\":\"https:\\\/\\\/murosdeconcreto.com\\\/?s={search_term_string}\"},\"query-input\":{\"@type\":\"PropertyValueSpecification\",\"valueRequired\":true,\"valueName\":\"search_term_string\"}}],\"inLanguage\":\"pt-BR\"}]}<\/script>\n<!-- \/ Yoast SEO plugin. -->","yoast_head_json":{"title":"P\u00e1gina inicial - Muros de Concreto direto da F\u00e1brica","robots":{"index":"index","follow":"follow","max-snippet":"max-snippet:-1","max-image-preview":"max-image-preview:large","max-video-preview":"max-video-preview:-1"},"canonical":"https:\/\/murosdeconcreto.com\/","og_locale":"pt_BR","og_type":"article","og_title":"P\u00e1gina inicial - Muros de Concreto direto da F\u00e1brica","og_url":"https:\/\/murosdeconcreto.com\/","og_site_name":"Muros de Concreto direto da F\u00e1brica","article_modified_time":"2025-05-29T20:36:39+00:00","og_image":[{"url":"http:\/\/murosdeconcreto.com\/wp-content\/uploads\/2025\/02\/grade-de-concreto-indiana-da-fabrica-1024x576.jpg","type":"","width":"","height":""}],"twitter_card":"summary_large_image","twitter_misc":{"Est. tempo de leitura":"1 minuto"},"schema":{"@context":"https:\/\/schema.org","@graph":[{"@type":"WebPage","@id":"https:\/\/murosdeconcreto.com\/","url":"https:\/\/murosdeconcreto.com\/","name":"P\u00e1gina inicial - Muros de Concreto direto da F\u00e1brica","isPartOf":{"@id":"https:\/\/murosdeconcreto.com\/#website"},"primaryImageOfPage":{"@id":"https:\/\/murosdeconcreto.com\/#primaryimage"},"image":{"@id":"https:\/\/murosdeconcreto.com\/#primaryimage"},"thumbnailUrl":"http:\/\/murosdeconcreto.com\/wp-content\/uploads\/2025\/02\/grade-de-concreto-indiana-da-fabrica-1024x576.jpg","datePublished":"2025-03-30T05:12:41+00:00","dateModified":"2025-05-29T20:36:39+00:00","breadcrumb":{"@id":"https:\/\/murosdeconcreto.com\/#breadcrumb"},"inLanguage":"pt-BR","potentialAction":[{"@type":"ReadAction","target":["https:\/\/murosdeconcreto.com\/"]}]},{"@type":"ImageObject","inLanguage":"pt-BR","@id":"https:\/\/murosdeconcreto.com\/#primaryimage","url":"https:\/\/murosdeconcreto.com\/wp-content\/uploads\/2025\/02\/grade-de-concreto-indiana-da-fabrica.jpg","contentUrl":"https:\/\/murosdeconcreto.com\/wp-content\/uploads\/2025\/02\/grade-de-concreto-indiana-da-fabrica.jpg","width":1080,"height":608},{"@type":"BreadcrumbList","@id":"https:\/\/murosdeconcreto.com\/#breadcrumb","itemListElement":[{"@type":"ListItem","position":1,"name":"In\u00edcio","item":"https:\/\/murosdeconcreto.com\/"},{"@type":"ListItem","position":2,"name":"P\u00e1gina inicial"}]},{"@type":"WebSite","@id":"https:\/\/murosdeconcreto.com\/#website","url":"https:\/\/murosdeconcreto.com\/","name":"Muros de Concreto direto da F\u00e1brica","description":"Desde 2007 com fabrica\u00e7\u00e3o de Grades e Muros de Concreto","potentialAction":[{"@type":"SearchAction","target":{"@type":"EntryPoint","urlTemplate":"https:\/\/murosdeconcreto.com\/?s={search_term_string}"},"query-input":{"@type":"PropertyValueSpecification","valueRequired":true,"valueName":"search_term_string"}}],"inLanguage":"pt-BR"}]}},"jetpack_sharing_enabled":true,"_links":{"self":[{"href":"https:\/\/murosdeconcreto.com\/index.php?rest_route=\/wp\/v2\/pages\/104","targetHints":{"allow":["GET"]}}],"collection":[{"href":"https:\/\/murosdeconcreto.com\/index.php?rest_route=\/wp\/v2\/pages"}],"about":[{"href":"https:\/\/murosdeconcreto.com\/index.php?rest_route=\/wp\/v2\/types\/page"}],"author":[{"embeddable":true,"href":"https:\/\/murosdeconcreto.com\/index.php?rest_route=\/wp\/v2\/users\/1"}],"replies":[{"embeddable":true,"href":"https:\/\/murosdeconcreto.com\/index.php?rest_route=%2Fwp%2Fv2%2Fcomments&post=104"}],"version-history":[{"count":3,"href":"https:\/\/murosdeconcreto.com\/index.php?rest_route=\/wp\/v2\/pages\/104\/revisions"}],"predecessor-version":[{"id":135,"href":"https:\/\/murosdeconcreto.com\/index.php?rest_route=\/wp\/v2\/pages\/104\/revisions\/135"}],"wp:attachment":[{"href":"https:\/\/murosdeconcreto.com\/index.php?rest_route=%2Fwp%2Fv2%2Fmedia&parent=104"}],"curies":[{"name":"wp","href":"https:\/\/api.w.org\/{rel}","templated":true}]}}